{"id":44,"date":"2021-03-12T03:24:55","date_gmt":"2021-03-12T02:24:55","guid":{"rendered":"http:\/\/disciplinepositive.ca\/?page_id=44"},"modified":"2024-02-28T14:50:20","modified_gmt":"2024-02-28T19:50:20","slug":"qui-suis-je","status":"publish","type":"page","link":"https:\/\/www.disciplinepositive.ca\/?page_id=44","title":{"rendered":"Qui suis-je?"},"content":{"rendered":"\n<div class=\"wp-block-image\"><figure class=\"alignleft size-large is-resized\"><img loading=\"lazy\" src=\"http:\/\/disciplinepositive.ca\/wp-content\/uploads\/2021\/03\/unnamed.jpg\" alt=\"\" class=\"wp-image-48\" width=\"103\" height=\"154\" srcset=\"https:\/\/www.disciplinepositive.ca\/wp-content\/uploads\/2021\/03\/unnamed.jpg 266w, https:\/\/www.disciplinepositive.ca\/wp-content\/uploads\/2021\/03\/unnamed-200x300.jpg 200w\" sizes=\"(max-width: 103px) 100vw, 103px\" \/><\/figure><\/div>\n\n\n\n<p><strong>Isabelle de Chateauvieux:<\/strong> <strong>Facilitatrice en Discipline Positive pur les parents,<\/strong> membre de l&rsquo;association fran\u00e7aise de la Discipline Positive et de la Positive Discipline Association (Etats-unis).<br><br> J&rsquo;ai d\u00e9couvert la Discipline Positive au Maroc lors d\u2019une conf\u00e9rence sur l&rsquo;\u00e9ducation en 2011. Un groupe s\u2019est vite form\u00e9 pour suivre une session de parents. Maman alors&nbsp; de 4 enfants de 8, 6, 4 et 1 ans j&rsquo;ai vu les r\u00e9sultats de la Bienveillance, de la Fermet\u00e9 et de l\u2019Encouragement dans ma vie de tous les jours. Cette formation a chang\u00e9 mon regard sur l\u2019\u00e9ducation: \u00ab Un enfant fait mieux, lorsqu\u2019il se sent mieux \u00bb , besoin d\u2019appartenance, coop\u00e9ration, accords, temps d\u2019\u00e9changes en famille c\u2019est du bonheur pour chaque membre de sa famille. <\/p>\n\n\n\n<p>Maintenant avec mes ados je ressens encore chaque jour les bienfaits de la DP. Connecter avant de corriger, \u00e9coute active, gestion des \u00e9crans ou des sauts d&rsquo;humeur&#8230;<\/p>\n\n\n\n<p>Au fil des expatriations de nombreux parents m&rsquo;ont demand\u00e9 ce que pr\u00e9conisait la DP pour tel ou tel comportement. C\u2019est ce qui m\u2019a pouss\u00e9e \u00e0 me former, en 2019, pour animer des ateliers : Encourag\u00e9e par les nombreux retours positifs et reconnaissante des participants, je voudrais continuer \u00e0 d\u00e9velopper la discipline positive pour permettre aux parents de reconnecter avec leurs enfants et participer \u00e0 ma mesure au bien-\u00eatre des familles !<\/p>\n\n\n\n<div class=\"wp-block-group\"><div class=\"wp-block-group__inner-container\">\n<div class=\"wp-block-columns\">\n<div class=\"wp-block-column\" style=\"flex-basis:100%\">\n<div class=\"wp-block-group\"><div class=\"wp-block-group__inner-container\">\n<figure class=\"wp-block-gallery columns-0 is-cropped\"><ul class=\"blocks-gallery-grid\"><\/ul><\/figure>\n<\/div><\/div>\n<\/div>\n<\/div>\n<\/div><\/div>\n","protected":false},"excerpt":{"rendered":"<p>Isabelle de Chateauvieux: Facilitatrice en Discipline Positive pur les parents, membre de l&rsquo;association fran\u00e7aise de la Discipline Positive et de la Positive Discipline Association (Etats-unis). J&rsquo;ai d\u00e9couvert la Discipline Positive &#8230;<\/p>\n","protected":false},"author":2,"featured_media":0,"parent":0,"menu_order":5,"comment_status":"closed","ping_status":"closed","template":"","meta":{"_monsterinsights_skip_tracking":false,"_monsterinsights_sitenote_active":false,"_monsterinsights_sitenote_note":"","_monsterinsights_sitenote_category":0},"_links":{"self":[{"href":"https:\/\/www.disciplinepositive.ca\/index.php?rest_route=\/wp\/v2\/pages\/44"}],"collection":[{"href":"https:\/\/www.disciplinepositive.ca\/index.php?rest_route=\/wp\/v2\/pages"}],"about":[{"href":"https:\/\/www.disciplinepositive.ca\/index.php?rest_route=\/wp\/v2\/types\/page"}],"author":[{"embeddable":true,"href":"https:\/\/www.disciplinepositive.ca\/index.php?rest_route=\/wp\/v2\/users\/2"}],"replies":[{"embeddable":true,"href":"https:\/\/www.disciplinepositive.ca\/index.php?rest_route=%2Fwp%2Fv2%2Fcomments&post=44"}],"version-history":[{"count":5,"href":"https:\/\/www.disciplinepositive.ca\/index.php?rest_route=\/wp\/v2\/pages\/44\/revisions"}],"predecessor-version":[{"id":230,"href":"https:\/\/www.disciplinepositive.ca\/index.php?rest_route=\/wp\/v2\/pages\/44\/revisions\/230"}],"wp:attachment":[{"href":"https:\/\/www.disciplinepositive.ca\/index.php?rest_route=%2Fwp%2Fv2%2Fmedia&parent=44"}],"curies":[{"name":"wp","href":"https:\/\/api.w.org\/{rel}","templated":true}]}}