{"id":2,"date":"2020-01-25T13:55:18","date_gmt":"2020-01-25T12:55:18","guid":{"rendered":"http:\/\/disciplinepositive.ca\/?page_id=2"},"modified":"2021-03-15T22:50:45","modified_gmt":"2021-03-15T21:50:45","slug":"page-d-exemple","status":"publish","type":"page","link":"https:\/\/www.disciplinepositive.ca\/?page_id=2","title":{"rendered":"La Discipline Positive"},"content":{"rendered":"\n<p><a href=\"https:\/\/www.amazon.fr\/discipline-positive-famille-comment-bienveillance\/dp\/250108795X\/ref=sr_1_1?s=books&amp;ie=UTF8&amp;qid=1511860603&amp;sr=1-1&amp;keywords=discipline+positive\"><strong>La Discipline Positive<\/strong><\/a> est une approche \u00e9ducative bas\u00e9e sur les principes de deux psychiatres autrichiens Alfred Adler et Rudolph Dreikurs et <strong>repose sur l\u2019encouragement, la fermet\u00e9 et la bienveillance. <\/strong><\/p>\n\n\n\n<div class=\"wp-block-image\"><figure class=\"alignleft size-medium is-resized\"><img loading=\"lazy\" src=\"http:\/\/disciplinepositive.ca\/wp-content\/uploads\/2021\/03\/Asilah-315-300x200.jpg\" alt=\"\" class=\"wp-image-76\" width=\"340\" height=\"226\" srcset=\"https:\/\/www.disciplinepositive.ca\/wp-content\/uploads\/2021\/03\/Asilah-315-300x200.jpg 300w, https:\/\/www.disciplinepositive.ca\/wp-content\/uploads\/2021\/03\/Asilah-315-1024x683.jpg 1024w, https:\/\/www.disciplinepositive.ca\/wp-content\/uploads\/2021\/03\/Asilah-315-768x512.jpg 768w, https:\/\/www.disciplinepositive.ca\/wp-content\/uploads\/2021\/03\/Asilah-315-1536x1024.jpg 1536w, https:\/\/www.disciplinepositive.ca\/wp-content\/uploads\/2021\/03\/Asilah-315.jpg 1728w\" sizes=\"(max-width: 340px) 100vw, 340px\" \/><figcaption><em>Autonomie, Confiance en soi, oser<\/em><\/figcaption><\/figure><\/div>\n\n\n\n<p class=\"has-text-align-left\">La m\u00e9thode a \u00e9t\u00e9 conceptualis\u00e9e par Jane Nelsen et Lynn Lott, docteurs en psychologie de l\u2019\u00e9ducation (Universit\u00e9 de San Francisco) et th\u00e9rapeutes familiales, qui ont cr\u00e9\u00e9 une bo\u00eete \u00e0 outils pragmatique et efficace au service de la famille. <br>Les outils sont concrets et puissants. Chacun peut choisir ce qui lui semble juste et adapt\u00e9 \u00e0 sa vie de famille.<\/p>\n\n\n\n<p><\/p>\n\n\n\n<p>Cette boite \u00e0 outils va permettre aux enfants de d\u00e9velopper: <br>&#8211;  le respect de soi et des autres<br>&#8211; la confiance en soi <br>&#8211; l&rsquo;autonomie<br>&#8211; le sens des responsabilit\u00e9s<br>&#8211; la coop\u00e9ration<br>&#8211; la capacit\u00e9 \u00e0 r\u00e9soudre des probl\u00e8mes et trouver des solutions par eux-m\u00eames<\/p>\n\n\n\n<blockquote class=\"wp-block-quote\"><p>Les enfants font mieux quand ils se sentent bien<\/p><cite>(Jane Nelsen)<\/cite><\/blockquote>\n\n\n\n<p><\/p>\n\n\n\n<div class=\"wp-block-image\"><figure class=\"alignleft size-medium\"><img loading=\"lazy\" width=\"217\" height=\"300\" src=\"http:\/\/disciplinepositive.ca\/wp-content\/uploads\/2021\/03\/IMG_20200906_124435-217x300.jpg\" alt=\"\" class=\"wp-image-98\" srcset=\"https:\/\/www.disciplinepositive.ca\/wp-content\/uploads\/2021\/03\/IMG_20200906_124435-217x300.jpg 217w, https:\/\/www.disciplinepositive.ca\/wp-content\/uploads\/2021\/03\/IMG_20200906_124435.jpg 590w\" sizes=\"(max-width: 217px) 100vw, 217px\" \/><figcaption><em>Coop\u00e9ration, Sens des responsabilit\u00e9s<\/em><\/figcaption><\/figure><\/div>\n\n\n\n<p>Les derni\u00e8res d\u00e9couvertes scientifiques nous indiquent tr\u00e8s clairement que, sans renoncer \u00e0 l&rsquo;autorit\u00e9, l\u2019\u00c9ducation Positive favorise le bon d\u00e9veloppement affectif, intellectuel et \u00e9motionnel de l&rsquo;enfant. En Discipline Positive, la communication est bas\u00e9e sur la mise en place d\u2019un syst\u00e8me coop\u00e9ratif entre l&rsquo;adulte et l&rsquo;enfant pour assurer le respect mutuel.<\/p>\n\n\n\n<p>Les comp\u00e9tences enseign\u00e9es sont : L\u2019estime de soi, la coop\u00e9ration, l\u2019autodiscipline, la patience, l\u2019empathie, le respect de soi et des autres, le sens des responsabilit\u00e9s, le courage d\u2019\u00eatre imparfait, la recherche de solutions, le dialogue efficace, le contr\u00f4le de soi, l\u2019honn\u00eatet\u00e9, la politesse, l\u2019autonomie&#8230;<\/p>\n\n\n\n<p>Ca donne envie non? <\/p>\n\n\n\n<p>Selon le Docteur Jane NELSEN, pour qu\u2019ne approche \u00e9ducative soit efficace, il faut qu\u2019elle respecte ces 5 crit\u00e8res :<br>&#8211; qu\u2019elle soit ferme et bienveillante \u00e0 la fois, <br>&#8211; qu\u2019elle d\u00e9veloppe le sentiment d\u2019appartenance,<br>&#8211; qu\u2019elle soit b\u00e9n\u00e9fique sur le long terme ( ce qui n\u2019est pas le cas de la punition efficace \u00e0 court terme et laisse des sentiments n\u00e9gatifs sur le long terme),<br>&#8211; qu\u2019elle enseigne des comp\u00e9tences sociales <br>&#8211; qu\u2019elle d\u00e9veloppe la confiance en soi.<\/p>\n\n\n\n<blockquote class=\"wp-block-quote\"><p>\u00ab\u00a0L&rsquo;encouragement est \u00e0 l&rsquo;enfant ce que l&rsquo;eau est \u00e0 la plante\u00a0\u00bb<\/p><cite>(Jane Nelsen)<\/cite><\/blockquote>\n","protected":false},"excerpt":{"rendered":"<p>La Discipline Positive est une approche \u00e9ducative bas\u00e9e sur les principes de deux psychiatres autrichiens Alfred Adler et Rudolph Dreikurs et repose sur l\u2019encouragement, la fermet\u00e9 et la bienveillance. La &#8230;<\/p>\n","protected":false},"author":2,"featured_media":0,"parent":0,"menu_order":1,"comment_status":"closed","ping_status":"open","template":"","meta":{"_monsterinsights_skip_tracking":false,"_monsterinsights_sitenote_active":false,"_monsterinsights_sitenote_note":"","_monsterinsights_sitenote_category":0},"_links":{"self":[{"href":"https:\/\/www.disciplinepositive.ca\/index.php?rest_route=\/wp\/v2\/pages\/2"}],"collection":[{"href":"https:\/\/www.disciplinepositive.ca\/index.php?rest_route=\/wp\/v2\/pages"}],"about":[{"href":"https:\/\/www.disciplinepositive.ca\/index.php?rest_route=\/wp\/v2\/types\/page"}],"author":[{"embeddable":true,"href":"https:\/\/www.disciplinepositive.ca\/index.php?rest_route=\/wp\/v2\/users\/2"}],"replies":[{"embeddable":true,"href":"https:\/\/www.disciplinepositive.ca\/index.php?rest_route=%2Fwp%2Fv2%2Fcomments&post=2"}],"version-history":[{"count":20,"href":"https:\/\/www.disciplinepositive.ca\/index.php?rest_route=\/wp\/v2\/pages\/2\/revisions"}],"predecessor-version":[{"id":118,"href":"https:\/\/www.disciplinepositive.ca\/index.php?rest_route=\/wp\/v2\/pages\/2\/revisions\/118"}],"wp:attachment":[{"href":"https:\/\/www.disciplinepositive.ca\/index.php?rest_route=%2Fwp%2Fv2%2Fmedia&parent=2"}],"curies":[{"name":"wp","href":"https:\/\/api.w.org\/{rel}","templated":true}]}}